{"id":80,"date":"2022-10-12T20:23:30","date_gmt":"2022-10-12T20:23:30","guid":{"rendered":"https:\/\/lodz-gorna.adwent.pl\/?page_id=80"},"modified":"2025-08-08T11:28:54","modified_gmt":"2025-08-08T11:28:54","slug":"nabozenstwa","status":"publish","type":"page","link":"https:\/\/lodz-gorna.adwent.pl\/?page_id=80","title":{"rendered":"Nabo\u017ce\u0144stwa"},"content":{"rendered":"\n<p>Nasze nabo\u017ce\u0144stwa odbywaj\u0105 si\u0119 co tydzie\u0144, w sobot\u0119 w godzinach 10.30-12.30, w ko\u015bciele przy ul. P\u0142ockiej 28 w \u0141odzi. <\/p>\n\n\n\n<figure class=\"wp-block-image size-large\"><img fetchpriority=\"high\" decoding=\"async\" width=\"1024\" height=\"461\" src=\"https:\/\/lodz-gorna.adwent.pl\/wp-content\/uploads\/2022\/10\/1665678172744-1024x461.jpg\" alt=\"\" class=\"wp-image-139\" srcset=\"https:\/\/lodz-gorna.adwent.pl\/wp-content\/uploads\/2022\/10\/1665678172744-1024x461.jpg 1024w, https:\/\/lodz-gorna.adwent.pl\/wp-content\/uploads\/2022\/10\/1665678172744-300x135.jpg 300w, https:\/\/lodz-gorna.adwent.pl\/wp-content\/uploads\/2022\/10\/1665678172744-768x346.jpg 768w, https:\/\/lodz-gorna.adwent.pl\/wp-content\/uploads\/2022\/10\/1665678172744-1536x691.jpg 1536w, https:\/\/lodz-gorna.adwent.pl\/wp-content\/uploads\/2022\/10\/1665678172744-2048x922.jpg 2048w, https:\/\/lodz-gorna.adwent.pl\/wp-content\/uploads\/2022\/10\/1665678172744-350x158.jpg 350w, https:\/\/lodz-gorna.adwent.pl\/wp-content\/uploads\/2022\/10\/1665678172744-700x315.jpg 700w, https:\/\/lodz-gorna.adwent.pl\/wp-content\/uploads\/2022\/10\/1665678172744-900x405.jpg 900w, https:\/\/lodz-gorna.adwent.pl\/wp-content\/uploads\/2022\/10\/1665678172744-1100x495.jpg 1100w\" sizes=\"(max-width: 1024px) 100vw, 1024px\" \/><\/figure>\n\n\n\n<p>Podczas nabo\u017ce\u0144stwa \u015bpiewamy pie\u015bni, modlimy si\u0119 i czytamy Bibli\u0119. Ponadto bierzemy udzia\u0142 w tzw. &#8222;Szkole sobotniej&#8221; czyli moderowanej dyskusji nad zagadnieniami biblijnymi, do kt\u00f3rych przygotowujemy si\u0119 w tygodniu (<a href=\"https:\/\/adwent.pl\/sekretariaty\/sekretariat-szkoly-sobotniej\/kwartalnik-lekcje-biblijne\/https:\/\/adwent.pl\/sekretariaty\/sekretariat-szkoly-sobotniej\/kwartalnik-lekcje-biblijne\/\" target=\"_blank\" rel=\"noreferrer noopener\">materia\u0142y znajdziesz tutaj<\/a>) &#8211; ka\u017cdy mo\u017ce wtedy zabra\u0107 g\u0142os w danym temacie. Szko\u0142a sobotnia odbywa si\u0119 zar\u00f3wno w grupie polskoj\u0119zycznej jak i ukrai\u0144skoj\u0119zycznej.<\/p>\n\n\n\n<p>Nabo\u017ce\u0144stwo zwie\u0144czone jest nauczaniem (kazaniem) S\u0142owa Bo\u017cego, kt\u00f3re wyg\u0142aszaj\u0105 pastorzy (tak nasz, \u0142\u00f3dzki pastor jak i go\u015bcie z r\u00f3\u017cnych zak\u0105tk\u00f3w Polski) oraz osoby nieduchowne, ale obdarzone przez Boga darem wyg\u0142aszania S\u0142owa (<a href=\"https:\/\/www.adwentysci.org.pl\/program\/\" target=\"_blank\" rel=\"noreferrer noopener\">aktualny grafik znajdziesz tutaj<\/a> &#8211; gdy wejdziesz na stron\u0119 znajd\u017a &#8222;Okr\u0119g \u0141\u00f3dzki&#8221; i wybierz odpowiedni miesi\u0105c). <\/p>\n\n\n\n<p>Nauczania S\u0142owa Bo\u017cego rejestrujemy i zamieszczamy na <a href=\"https:\/\/www.youtube.com\/channel\/UCeGcpRHccH4macXJr6OJ_JQ\" target=\"_blank\" rel=\"noreferrer noopener\">kanale YouTube &#8222;Adwenty\u015bci \u0141\u00f3d\u017a-G\u00f3rna&#8221;.<\/a><\/p>\n\n\n\n<figure class=\"wp-block-image size-large\"><img decoding=\"async\" width=\"1024\" height=\"461\" src=\"https:\/\/lodz-gorna.adwent.pl\/wp-content\/uploads\/2022\/10\/1665678172704-1024x461.jpg\" alt=\"\" class=\"wp-image-138\" srcset=\"https:\/\/lodz-gorna.adwent.pl\/wp-content\/uploads\/2022\/10\/1665678172704-1024x461.jpg 1024w, https:\/\/lodz-gorna.adwent.pl\/wp-content\/uploads\/2022\/10\/1665678172704-300x135.jpg 300w, https:\/\/lodz-gorna.adwent.pl\/wp-content\/uploads\/2022\/10\/1665678172704-768x346.jpg 768w, https:\/\/lodz-gorna.adwent.pl\/wp-content\/uploads\/2022\/10\/1665678172704-1536x691.jpg 1536w, https:\/\/lodz-gorna.adwent.pl\/wp-content\/uploads\/2022\/10\/1665678172704-2048x922.jpg 2048w, https:\/\/lodz-gorna.adwent.pl\/wp-content\/uploads\/2022\/10\/1665678172704-350x158.jpg 350w, https:\/\/lodz-gorna.adwent.pl\/wp-content\/uploads\/2022\/10\/1665678172704-700x315.jpg 700w, https:\/\/lodz-gorna.adwent.pl\/wp-content\/uploads\/2022\/10\/1665678172704-900x405.jpg 900w, https:\/\/lodz-gorna.adwent.pl\/wp-content\/uploads\/2022\/10\/1665678172704-1100x495.jpg 1100w\" sizes=\"(max-width: 1024px) 100vw, 1024px\" \/><\/figure>\n\n\n\n<p>Tradycyjnie jest r\u00f3wnie\u017c czas kolekty dobrowolnych datk\u00f3w finansowych, z kt\u00f3rych cz\u0119\u015b\u0107 idzie na utrzymanie naszego budynku (rachunki, czynsz), a cz\u0119\u015b\u0107 na misj\u0119 ewangelizacyjn\u0105, zar\u00f3wno og\u00f3lnopolsk\u0105 jak i og\u00f3lno\u015bwiatow\u0105. Je\u015bli chcia\u0142by\u015b\/aby\u015b wesprze\u0107 nas finansowo mo\u017cesz dokona\u0107 r\u00f3wnie\u017c przelewu bankowego &#8211; <a rel=\"noreferrer noopener\" href=\"https:\/\/lodz-gorna.adwent.pl\/?page_id=49\" target=\"_blank\">dane znajdziesz w zak\u0142adce &#8222;Kontakt&#8221;<\/a>.<\/p>\n\n\n\n<p>Dla niekt\u00f3rych os\u00f3b perspektywa 2,5 godzinnego nabo\u017ce\u0144stwa wydaje si\u0119 z pocz\u0105tku nieco przyt\u0142aczaj\u0105ca &#8211; zapewniamy jednak, \u017ce program naszych nabo\u017ce\u0144stw jest dynamiczny i raczej niemonotonny. Ka\u017cdy mo\u017ce przyj\u015b\u0107 na dowoln\u0105 godzin\u0119 i swobodnie opu\u015bci\u0107 nabo\u017ce\u0144stwo. Dost\u0119pna jest toaleta, a mniej wi\u0119cej w po\u0142owie nabo\u017ce\u0144stwa zazwyczaj mamy kr\u00f3tk\u0105 przerw\u0119. <\/p>\n\n\n\n<p>Kimkolwiek jeste\u015b &#8211; zapraszamy Ci\u0119 serdecznie. Do zobaczenia na P\u0142ockiej!<\/p>\n\n\n\n<figure class=\"wp-block-image size-large\"><img decoding=\"async\" width=\"1024\" height=\"461\" src=\"https:\/\/lodz-gorna.adwent.pl\/wp-content\/uploads\/2022\/10\/1665678172796-1-1024x461.jpg\" alt=\"\" class=\"wp-image-140\" srcset=\"https:\/\/lodz-gorna.adwent.pl\/wp-content\/uploads\/2022\/10\/1665678172796-1-1024x461.jpg 1024w, https:\/\/lodz-gorna.adwent.pl\/wp-content\/uploads\/2022\/10\/1665678172796-1-300x135.jpg 300w, https:\/\/lodz-gorna.adwent.pl\/wp-content\/uploads\/2022\/10\/1665678172796-1-768x346.jpg 768w, https:\/\/lodz-gorna.adwent.pl\/wp-content\/uploads\/2022\/10\/1665678172796-1-1536x691.jpg 1536w, https:\/\/lodz-gorna.adwent.pl\/wp-content\/uploads\/2022\/10\/1665678172796-1-2048x922.jpg 2048w, https:\/\/lodz-gorna.adwent.pl\/wp-content\/uploads\/2022\/10\/1665678172796-1-350x158.jpg 350w, https:\/\/lodz-gorna.adwent.pl\/wp-content\/uploads\/2022\/10\/1665678172796-1-700x315.jpg 700w, https:\/\/lodz-gorna.adwent.pl\/wp-content\/uploads\/2022\/10\/1665678172796-1-900x405.jpg 900w, https:\/\/lodz-gorna.adwent.pl\/wp-content\/uploads\/2022\/10\/1665678172796-1-1100x495.jpg 1100w\" sizes=\"(max-width: 1024px) 100vw, 1024px\" \/><\/figure>\n\n\n\n<p><\/p>\n","protected":false},"excerpt":{"rendered":"<p>Nasze nabo\u017ce\u0144stwa odbywaj\u0105 si\u0119 co tydzie\u0144, w sobot\u0119 w godzinach 10.30-12.30, w ko\u015bciele przy ul. P\u0142ockiej 28 w \u0141odzi. Podczas nabo\u017ce\u0144stwa \u015bpiewamy pie\u015bni, modlimy si\u0119 i czytamy Bibli\u0119. Ponadto bierzemy udzia\u0142 w tzw. &#8222;Szkole sobotniej&#8221; czyli moderowanej dyskusji nad zagadnieniami biblijnymi, do kt\u00f3rych przygotowujemy si\u0119 w tygodniu (materia\u0142y znajdziesz tutaj) &#8211; ka\u017cdy mo\u017ce wtedy zabra\u0107 [&hellip;]<\/p>\n","protected":false},"author":2,"featured_media":0,"parent":57,"menu_order":4,"comment_status":"closed","ping_status":"closed","template":"","meta":{"zakra_sidebar_layout":"customizer","zakra_remove_content_margin":false,"zakra_sidebar":"customizer","zakra_transparent_header":"customizer","zakra_logo":0,"zakra_main_header_style":"default","zakra_menu_item_color":"","zakra_menu_item_hover_color":"","zakra_menu_item_active_color":"","zakra_menu_active_style":"","zakra_page_header":true,"footnotes":""},"class_list":["post-80","page","type-page","status-publish","hentry"],"_links":{"self":[{"href":"https:\/\/lodz-gorna.adwent.pl\/index.php?rest_route=\/wp\/v2\/pages\/80","targetHints":{"allow":["GET"]}}],"collection":[{"href":"https:\/\/lodz-gorna.adwent.pl\/index.php?rest_route=\/wp\/v2\/pages"}],"about":[{"href":"https:\/\/lodz-gorna.adwent.pl\/index.php?rest_route=\/wp\/v2\/types\/page"}],"author":[{"embeddable":true,"href":"https:\/\/lodz-gorna.adwent.pl\/index.php?rest_route=\/wp\/v2\/users\/2"}],"replies":[{"embeddable":true,"href":"https:\/\/lodz-gorna.adwent.pl\/index.php?rest_route=%2Fwp%2Fv2%2Fcomments&post=80"}],"version-history":[{"count":6,"href":"https:\/\/lodz-gorna.adwent.pl\/index.php?rest_route=\/wp\/v2\/pages\/80\/revisions"}],"predecessor-version":[{"id":290,"href":"https:\/\/lodz-gorna.adwent.pl\/index.php?rest_route=\/wp\/v2\/pages\/80\/revisions\/290"}],"up":[{"embeddable":true,"href":"https:\/\/lodz-gorna.adwent.pl\/index.php?rest_route=\/wp\/v2\/pages\/57"}],"wp:attachment":[{"href":"https:\/\/lodz-gorna.adwent.pl\/index.php?rest_route=%2Fwp%2Fv2%2Fmedia&parent=80"}],"curies":[{"name":"wp","href":"https:\/\/api.w.org\/{rel}","templated":true}]}}